{"id":57,"date":"2023-11-20T13:14:50","date_gmt":"2023-11-20T12:14:50","guid":{"rendered":"https:\/\/centrumfilip.dev.ethercloud.io\/?page_id=57"},"modified":"2023-12-10T10:36:21","modified_gmt":"2023-12-10T09:36:21","slug":"phdr-jirina-brejchova","status":"publish","type":"page","link":"https:\/\/centrumfilip.cz\/?page_id=57","title":{"rendered":"PhDr. Ji\u0159ina Brejchov\u00e1"},"content":{"rendered":"\t\t<div data-elementor-type=\"wp-page\" data-elementor-id=\"57\" class=\"elementor elementor-57\">\n\t\t\t\t<div class=\"elementor-element elementor-element-9eddd11 e-flex e-con-boxed e-con e-parent\" data-id=\"9eddd11\" data-element_type=\"container\">\n\t\t\t\t\t<div class=\"e-con-inner\">\n\t\t\t\t<div class=\"elementor-element elementor-element-9949aba elementor-widget elementor-widget-text-editor\" data-id=\"9949aba\" data-element_type=\"widget\" data-widget_type=\"text-editor.default\">\n\t\t\t\t<div class=\"elementor-widget-container\">\n\t\t\t\t\t\t\t\t\t<div class=\"-wm-entry-content\"><p>Vystudovala FF-UK, obor psychologie, m\u00e1 dlouholetou praxi v poradenstv\u00ed , v\u010detn\u011b poradenstv\u00ed a psychologick\u00e9 diagnostiky nadan\u00fdch a mimo\u0159\u00e1dn\u011b nadan\u00fdch d\u011bt\u00ed i dosp\u011bl\u00fdch. Je lektorkou kurz\u016f, kter\u00e9 se zam\u011b\u0159uj\u00ed na pr\u00e1ci s nadan\u00fdmi d\u011btmi a \u017e\u00e1ky ve \u0161kol\u00e1ch. V centru Filip pracuje od jeho zalo\u017een\u00ed.<\/p><\/div><p>\u00a0<\/p>\t\t\t\t\t\t\t\t<\/div>\n\t\t\t\t<\/div>\n\t\t\t\t\t<\/div>\n\t\t\t\t<\/div>\n\t\t\t\t<\/div>\n\t\t","protected":false},"excerpt":{"rendered":"<p>Vystudovala FF-UK, obor psychologie, m\u00e1 dlouholetou praxi v poradenstv\u00ed , v\u010detn\u011b poradenstv\u00ed a psychologick\u00e9 diagnostiky nadan\u00fdch a mimo\u0159\u00e1dn\u011b nadan\u00fdch d\u011bt\u00ed i dosp\u011bl\u00fdch. Je lektorkou kurz\u016f, kter\u00e9 se zam\u011b\u0159uj\u00ed na pr\u00e1ci s nadan\u00fdmi d\u011btmi a \u017e\u00e1ky ve \u0161kol\u00e1ch. V centru Filip pracuje od jeho zalo\u017een\u00ed. \u00a0<\/p>\n","protected":false},"author":2,"featured_media":0,"parent":0,"menu_order":0,"comment_status":"closed","ping_status":"closed","template":"","meta":{"footnotes":""},"class_list":["post-57","page","type-page","status-publish","hentry"],"_links":{"self":[{"href":"https:\/\/centrumfilip.cz\/index.php?rest_route=\/wp\/v2\/pages\/57","targetHints":{"allow":["GET"]}}],"collection":[{"href":"https:\/\/centrumfilip.cz\/index.php?rest_route=\/wp\/v2\/pages"}],"about":[{"href":"https:\/\/centrumfilip.cz\/index.php?rest_route=\/wp\/v2\/types\/page"}],"author":[{"embeddable":true,"href":"https:\/\/centrumfilip.cz\/index.php?rest_route=\/wp\/v2\/users\/2"}],"replies":[{"embeddable":true,"href":"https:\/\/centrumfilip.cz\/index.php?rest_route=%2Fwp%2Fv2%2Fcomments&post=57"}],"version-history":[{"count":8,"href":"https:\/\/centrumfilip.cz\/index.php?rest_route=\/wp\/v2\/pages\/57\/revisions"}],"predecessor-version":[{"id":111,"href":"https:\/\/centrumfilip.cz\/index.php?rest_route=\/wp\/v2\/pages\/57\/revisions\/111"}],"wp:attachment":[{"href":"https:\/\/centrumfilip.cz\/index.php?rest_route=%2Fwp%2Fv2%2Fmedia&parent=57"}],"curies":[{"name":"wp","href":"https:\/\/api.w.org\/{rel}","templated":true}]}}