{"id":167,"date":"2023-11-20T13:14:50","date_gmt":"2023-11-20T12:14:50","guid":{"rendered":"https:\/\/centrumfilip.dev.ethercloud.io\/?page_id=167"},"modified":"2023-12-11T15:55:41","modified_gmt":"2023-12-11T14:55:41","slug":"mgr-ludmila-belohradska","status":"publish","type":"page","link":"https:\/\/centrumfilip.cz\/?page_id=167","title":{"rendered":"Mgr. Ludmila B\u011blohradsk\u00e1"},"content":{"rendered":"\t\t<div data-elementor-type=\"wp-page\" data-elementor-id=\"167\" class=\"elementor elementor-167\">\n\t\t\t\t<div class=\"elementor-element elementor-element-d8f0457 e-flex e-con-boxed e-con e-parent\" data-id=\"d8f0457\" data-element_type=\"container\">\n\t\t\t\t\t<div class=\"e-con-inner\">\n\t\t\t\t<div class=\"elementor-element elementor-element-e6c00ea elementor-widget elementor-widget-text-editor\" data-id=\"e6c00ea\" data-element_type=\"widget\" data-widget_type=\"text-editor.default\">\n\t\t\t\t<div class=\"elementor-widget-container\">\n\t\t\t\t\t\t\t\t\t<p>V\u00a0roce 1981 ukon\u010dila studium na Pedagogick\u00e9 fakult\u011b\u00a0 UK st\u00e1tn\u00edmi zkou\u0161kami z logopedie a surdopedie, tyflopedie a psychopedie.<\/p><p>V\u00a0letech 1981 \u2013 1988 pracovala v Mate\u0159sk\u00e9 a z\u00e1kladn\u00ed \u0161kole pro d\u011bti se zbytky sluchu v Praze. U\u010dila \u010desk\u00fd jazyk, matematiku a fyziku na druh\u00e9m stupni, zaji\u0161\u0165ovala individu\u00e1ln\u00ed logopedickou p\u00e9\u010di u d\u011bt\u00ed od \u010dty\u0159 do patn\u00e1cti let. D\u00edky vst\u0159\u00edcnosti z\u00e1stupce \u0159editele se nau\u010dila tvo\u0159it hl\u00e1sky manu\u00e1ln\u00ed metodou u d\u011bt\u00ed, kter\u00e9 nem\u011bly vzhledem k\u00a0praktick\u00e9 hluchot\u011b sluchovou kontrolu.<\/p><p>V\u00a0roce 1992 absolvovala vzd\u011bl\u00e1n\u00ed pro d\u011bti 0 \u2013 3 roky a roku 1993 nastoupila do nov\u011b vznikl\u00e9ho speci\u00e1ln\u011b pedagogick\u00e9ho centra p\u0159i M\u015a a Z\u0160 pro d\u011bti se zbytky sluchu v Praze. V\u017edy po dvou letech absolvovala zkou\u0161ky ze znakov\u00e9ho jazyka. Ve spolupr\u00e1ci s\u00a0t\u00fdmem prof. Kabelky v\u00a0nemocnici Motol p\u0159ipravovala d\u011bti na operaci kochle\u00e1rn\u00edho implant\u00e1tu, po operaci zaji\u0161\u0165ovala jeho nastavov\u00e1n\u00ed a n\u00e1slednou p\u00e9\u010di ve \u0161kol\u00e1ch po cel\u00e9 republice (Most, Mlad\u00e1 Boleslav, Kol\u00edn, Praha.)<\/p><p>Od roku 1996 pracovala jako logopedka ve speci\u00e1ln\u00ed mate\u0159sk\u00e9 \u0161kole.<\/p><p>Do \u0161koly pro d\u011bti s\u00a0vadou sluchu se vr\u00e1tila v\u00a0letech 2010 \u2013 2015. U\u010dila t\u0159\u00eddu d\u011bt\u00ed s\u00a0dysf\u00e1zi\u00ed\u00a0 (1. &#8211; 3. t\u0159\u00edda) a zaji\u0161\u0165ovala individu\u00e1ln\u00ed logopedickou p\u00e9\u010di u d\u011bt\u00ed s\u00a0kombinovan\u00fdmi vadami.<\/p><p>Z\u00a0rodinn\u00fdch d\u016fvod\u016f ode\u0161la v\u00a0roce 2015 ze \u0161kolstv\u00ed (p\u00e9\u010de o rodi\u010de ve vzd\u00e1len\u00e9m m\u011bst\u011b) a za\u010dala podnikat &#8211; \u017eivnostensk\u00fd list \u2013 rozvoj \u0159e\u010di a p\u00e9\u010de o spr\u00e1vnou v\u00fdslovnost.<\/p><p>Jako OSV\u010c zaji\u0161\u0165ovala logopedickou p\u00e9\u010di ve speci\u00e1ln\u00ed mate\u0159sk\u00e9 \u0161kole.<\/p><p>\u00a0<\/p><p>Dal\u0161\u00ed vzd\u011bl\u00e1v\u00e1n\u00ed:<\/p><p>Pravideln\u011b absolvovovala dal\u0161\u00ed vzd\u011bl\u00e1v\u00e1n\u00ed logoped\u016f na PedFUK, v\u017edy d\u00e1lkov\u011b \u010dty\u0159i semestry.<\/p><p>Kurz synergetick\u00e1 reflexn\u00ed terapie<\/p><p>Metodiky v\u00fduky \u010dten\u00ed\u00a0\u00a0 &#8211;\u00a0 Dys-centrum-Praha<\/p><p>Dyslexie a dysgrafie\u00a0\u00a0\u00a0\u00a0\u00a0 &#8211;\u00a0\u00a0 Dys-centrum-Praha<\/p><p>Dyskalkulie , jej\u00ed terapie\u00a0\u00a0 -Dys-centrum-Praha<\/p><p>Nonverb\u00e1ln\u00ed komunikace u d\u011bt\u00ed s\u00a0autismem \u2013 SPC Praha, alternativn\u00ed a augmentativn\u00ed komunikace<\/p><p>Tren\u00e9rsk\u00fd kurz ly\u017eov\u00e1n\u00ed<\/p><p>Tren\u00e9rsk\u00fd kurz plav\u00e1n\u00ed<\/p>\t\t\t\t\t\t\t\t<\/div>\n\t\t\t\t<\/div>\n\t\t\t\t\t<\/div>\n\t\t\t\t<\/div>\n\t\t\t\t<\/div>\n\t\t","protected":false},"excerpt":{"rendered":"<p>V\u00a0roce 1981 ukon\u010dila studium na Pedagogick\u00e9 fakult\u011b\u00a0 UK st\u00e1tn\u00edmi zkou\u0161kami z logopedie a surdopedie, tyflopedie a psychopedie. V\u00a0letech 1981 \u2013 1988 pracovala v Mate\u0159sk\u00e9 a z\u00e1kladn\u00ed \u0161kole pro d\u011bti se zbytky sluchu v Praze. U\u010dila \u010desk\u00fd jazyk, matematiku a fyziku na druh\u00e9m stupni, zaji\u0161\u0165ovala individu\u00e1ln\u00ed logopedickou p\u00e9\u010di u d\u011bt\u00ed od \u010dty\u0159 do patn\u00e1cti let. D\u00edky [&hellip;]<\/p>\n","protected":false},"author":2,"featured_media":0,"parent":0,"menu_order":0,"comment_status":"closed","ping_status":"closed","template":"","meta":{"footnotes":""},"class_list":["post-167","page","type-page","status-publish","hentry"],"_links":{"self":[{"href":"https:\/\/centrumfilip.cz\/index.php?rest_route=\/wp\/v2\/pages\/167","targetHints":{"allow":["GET"]}}],"collection":[{"href":"https:\/\/centrumfilip.cz\/index.php?rest_route=\/wp\/v2\/pages"}],"about":[{"href":"https:\/\/centrumfilip.cz\/index.php?rest_route=\/wp\/v2\/types\/page"}],"author":[{"embeddable":true,"href":"https:\/\/centrumfilip.cz\/index.php?rest_route=\/wp\/v2\/users\/2"}],"replies":[{"embeddable":true,"href":"https:\/\/centrumfilip.cz\/index.php?rest_route=%2Fwp%2Fv2%2Fcomments&post=167"}],"version-history":[{"count":4,"href":"https:\/\/centrumfilip.cz\/index.php?rest_route=\/wp\/v2\/pages\/167\/revisions"}],"predecessor-version":[{"id":171,"href":"https:\/\/centrumfilip.cz\/index.php?rest_route=\/wp\/v2\/pages\/167\/revisions\/171"}],"wp:attachment":[{"href":"https:\/\/centrumfilip.cz\/index.php?rest_route=%2Fwp%2Fv2%2Fmedia&parent=167"}],"curies":[{"name":"wp","href":"https:\/\/api.w.org\/{rel}","templated":true}]}}